 m - 17, 20 = -4*w. Suppose 4*c - 30668 = 3*o + o, -m*c = -7*o - 15324. Is c a prime number?
True
Let w(y) = -6*y**3 + 2*y**2 - 3*y. Let t be w(9). Let u be t/(-9) - (3 - -1). Suppose -u = 3*z - 4*z. Is z prime?
True
Is 75/33 + -2 - (82966730/(-242) + 3) composite?
True
Suppose -4*s + 1016548 = q - 3*q, -2*s = 4*q - 508314. Is s composite?
False
Let k = 3896 - 2155. Is k a prime number?
True
Suppose 0*a + 755675 = 4*a - 824637. Is a a prime number?
False
Let u = 280 + -277. Is u*50 - (-13 + 17) a composite number?
True
Suppose -r - 10229 = 2*i, 7334 = -4*i - 4*r - 13118. Let m = -3315 - i. Is m a composite number?
False
Let q be 2 + (2 - 3) - (-253)/(-1). Let v = -181 - q. Is v a prime number?
True
Let g be -4*(-109)/(-2)*(-68 - 2). Suppose -2*a - 2*y = -6084, -2*a = 3*a - 5*y - g. Is a prime?
False
Is 5082 + 4/3*-3 a composite number?
True
Suppose -7009*f + 129771 = -7000*f. Is f a prime number?
True
Let v(a) = a**3 + 15*a**2 - 19*a + 67. Is v(-10) composite?
False
Let s(q) = 20485*q**2 + 28*q + 4. Is s(5) a prime number?
True
Let y(q) = q - 35. Let m be y(30). Let t be 44/(-55)*m/2. Suppose 5*j = -t*d + 4049, -4*j + 4*d = -d - 3226. Is j a prime number?
True
Suppose 0 = 5*d - 3*a - 26, 2*a - 3 - 1 = -2*d. Suppose 0 = 8*t - 12*t - d. Is (4 - (t + 2)) + 544 composite?
False
Suppose -3574 = -7*f + 5337. Suppose 0*d = 5*j + 2*d - f, 1020 = 4*j + 2*d. Suppose -2*g + 226 = -n - j, -3*g + 3*n + 720 = 0. Is g a composite number?
False
Let h(c) = c**3 - 9*c**2 - 27*c - 11. Let z(t) = t**2 - 8*t - 7. Suppose -2*q + 11 + 9 = 0. Let n be z(q). Is h(n) composite?
True
Let v(t) be the third derivative of 749*t**6/120 + t**5/60 - 17*t**3/6 + 11*t**2. Let n(w) be the first derivative of v(w). Is n(1) composite?
True
Let o(j) = 2972*j**2 - 2*j + 2. Let s be o(1). Let g be s/(-4 + 19/5). Is (6/(-4))/(30/g) a prime number?
True
Let c(j) = -730 - 4*j + 2*j**2 + 4*j + 7*j**3 + 734. Let x(a) = -a**3 - 14*a**2 - 13*a + 3. Let v be x(-13). Is c(v) composite?
False
Let k(o) = -34526*o + 607. Is k(-2) a prime number?
False
Is (77133 + 4)*(-6)/((-6)/1) composite?
False
Let s(a) be the first derivative of -a**3/3 - 383*a + 38. Let k(x) = 3*x**2 + 1150. Let n(w) = -2*k(w) - 7*s(w). Is n(0) prime?
False
Is (66/(-66))/((-1)/106521) a composite number?
True
Suppose 0*v - v = a - 29806, -v = -a + 29798. Suppose -5*d = d - a. Is d a composite number?
False
Let i = -2 + 5. Let k be ((-20)/3 - -6)*(-159)/2. Suppose i*w = 212 - k. Is w a composite number?
False
Let p be 6/(-12)*136*2. Let c = p + 155. Suppose 26*t - 22127 = c*t. Is t a prime number?
False
Let l(y) = -y**3 + 12*y**2 - 27*y - 10. Let t be l(8). Let m(z) = 40*z + 205. Is m(t) composite?
True
Let q = 26 + -23. Suppose 4*g - 3*m = 9*g - 10802, 5*g - q*m - 10808 = 0. Is g a prime number?
True
Suppose -4192680 = 13*o - 133*o. Is o composite?
False
Suppose -34*s = -4*s + 210. Let h(n) = 293*n**2 - 25*n - 13. Is h(s) a composite number?
False
Suppose -281*p - 9985 = -y - 277*p, 5*y + 2*p - 49881 = 0. Is y prime?
False
Suppose -17 = 64*k - 65*k. Suppose -k*x + 146 = 44. Is (-10780)/(-24) - 1/x a composite number?
False
Suppose -20*h = -25*h + 85. Let w(j) = 2*j**3 - 23*j**2 + 27*j - 49. Is w(h) prime?
False
Let x(i) = -47*i - 41. Let v(a) = -31*a - 27. Let m(n) = -8*v(n) + 5*x(n). Let z = -25 + 35. Is m(z) a prime number?
False
Suppose 24*u = 31*u. Suppose u = 495*n - 494*n - 4547. Is n composite?
False
Let p(n) = 10*n**2 + 52*n - 13. Let v = -117 - -132. Is p(v) composite?
True
Let z be 60/(-24) + (-5)/2. Is (-4 + z - -10) + -2 + 4464 a composite number?
False
Let s = 81 - 62. Let q = -14 + s. Suppose q*r = -5*y + 13385, 0 = -y - r - 3*r + 2665. Is y a composite number?
True
Is 42/(-105)*((-843958)/4 + -3) prime?
False
Let w be 2/(-9) + 96/(-54) - 2. Let g be -3*(40/15)/w. Suppose 196 = 2*p - 4*m, -5*m - 57 = -g*p + 135. Is p composite?
True
Let d(l) = 144*l - 1. Let s be (0 + (6 - 4))*7. Suppose -5*k + s*k = 108. Is d(k) a composite number?
True
Suppose 2*h + 15 = l + 47, -l + 3*h = 29. Let v = l + 46. Let r(d) = -d**3 + 9*d**2 - d + 6. Is r(v) a prime number?
False
Suppose 5*t - 15 = -5*i, i - 11*t = -13*t + 4. Suppose -w + i = 0, -d + 4541 = -2*w - 289. Is d a prime number?
False
Let c(o) be the second derivative of o**5/20 - 3*o**4/2 + 3*o**3 - 3*o**2/2 - 17*o. Let t be c(17). Let r(g) = g**3 + g**2 + 22*g - 13. Is r(t) composite?
True
Let u(f) = 2829*f**2 + 11*f + 49. Is u(8) composite?
False
Suppose -3*l + 34028 = 5*g, -4*g - 68*l + 27216 = -72*l. Is g a composite number?
True
Suppose -5*f = 3*m - 8, m + 2*f = 3 + 1. Is (-2 - 1476)*(m/8 + -2) composite?
True
Let u = -893323 - -1800522. Is u composite?
False
Suppose -13*p + 274 + 246 = 0. Suppose -p*x - 3028 = -42*x. Is x a composite number?
True
Suppose 0 = 6*z - 21*z + 435. Suppose -z*b = 19*b - 459168. Is b a composite number?
True
Let p(z) = z**3 + 10*z**2 + 15*z - 4. Let r be p(-8). Suppose 0 = -3*c + r*c + 8. Is 2/(-2)*4376/c a prime number?
True
Let y = -11193 - -17600. Is y a prime number?
False
Let t(y) = -y**2 - 2*y + 18. Let q be t(-5). Suppose 12 - 3 = q*w. Is 4/(-12) + -1 + 4177/w a composite number?
True
Is (-84)/(-77)*22/4*225759/9 a prime number?
False
Let h(p) = -p**3 + 10*p**2 - 6*p - 22. Let f be 9/1 - -1 - (0 + 1). Let n be h(f). Suppose -6*r + 5*r - d + 1909 = 0, n*r + 4*d - 9545 = 0. Is r a prime number?
False
Let i = 477271 + -212234. Is i a composite number?
False
Let p be -2 - (-4 + (0 - 4) + 4). Suppose 0 = -8*f + 12*f + p*v - 4914, -f - v = -1226. Is f composite?
False
Suppose 0 = 4*l - 8*l + 16. Suppose l*m + 36 = 5*n, 3*n = n - m + 4. Suppose n*d - 1287 = -291. Is d composite?
True
Suppose 9*l - 31883 - 41296 = 0. Is l prime?
False
Let x = -57 + 62. Let g = 211 + -369. Is x/(630/g - -4) prime?
False
Let r = 1770570 + -26312. Is r a composite number?
True
Suppose 6*s - 9*s = -9. Suppose s*h = 4*h + 9. Is ((-5)/(30/284))/(2/h) composite?
True
Let w(y) = -139*y**3 - 5*y**2 - y + 3. Let x(m) = -278*m**3 - 12*m**2 - 2*m + 6. Let h(b) = 9*w(b) - 4*x(b). Is h(-4) a composite number?
False
Let y(s) = 6*s**3 - s**2 + 6*s + 7. Let g be y(8). Let k = 5304 - g. Let w = k + -1090. Is w composite?
False
Let z(g) = g**3 - 28*g**2 + g - 11. Suppose 7*d = 12*d - 150. Is z(d) a prime number?
False
Let d(k) = -200*k - 35. Let m be d(3). Let p = 1378 + m. Is p a prime number?
True
Let n = -437389 + 660450. Is n composite?
False
Let y(o) = 23*o + 141*o**2 - 68*o**2 + 275*o**2 + 26. Is y(-9) a prime number?
False
Suppose -49*b = -141516 - 415798 - 1573255. Is b a prime number?
True
Suppose 0 = t - k, 2*t + 30 = -0*t - 4*k. Is (1*(-8 - t))/((-2)/2042) prime?
False
Suppose -487501 = -249*x + 1006838 + 6324012. Is x a composite number?
True
Let n(v) = 96*v**3 + 3*v**2 - 98*v - 11. Is n(8) a prime number?
False
Suppose -4*l + 14 = 2*i, 5*l - 40 = 3*i - i. Suppose 4*m - 9820 = -2*h, -2*h - 7351 = -l*m + 3*m. Is m composite?
True
Suppose 71*b - 1894666 = -15*b. Is b a composite number?
False
Let a = 367143 + -94580. Is a prime?
True
Let s(g) = -662*g + 452. Is s(-21) a composite number?
True
Suppose 4*s + 3*c + 3 = 8, -4*c = 2*s. Suppose -s*m - 2*m + 2*k = -31058, 5*m = k + 38824. Is m prime?
False
Let r = 2143356 - 1189417. Is r a composite number?
True
Let t(n) = -73*n + 1. Let r be t(-4). Suppose -2*p + 3*u = 275, -u - 16 = -17. Let a = p + r. Is a composite?
False
Suppose -5*o + o - 2*d = -236128, -4*d + 24 = 0. Is o a composite number?
False
Suppose -66*p + 871716 = 143*p - 31337483. Is p a prime number?
True
Suppose 0 = 71*t - 61*t - 1352282 - 911768. Is t a prime number?
False
Suppose 7*o - 10*o + 30464 = -2*t, 6*o - 60922 = -2*t. Is o a composite number?
True
Suppose 23*v = 19*v + 25828. Let p = v + -3002. Is p prime?
False
Let l be (2 - 5)*2/3. Let n be (24/60 - (-834)/(-10)) + 6. Is l - (-1)/(-1) - n composite?
True
Let i(k) = 2302*k**3 + 3*k**2 - 5*k - 2. Let s be i(3). Suppose 3*p - 2*p = w - 15541, s = 4*w - 3*p. Suppose -w = -6*u - 4639. Is u prime?
False
Suppose -k = -3*f - 13259 - 44696, -4*k + 231776 = -f. Is k composite?
False
Suppose 2*d + 3*m - 8 = m, 0 = -5*m. Suppose -4*i = t + i - 183, -d*t + 801 = -3*i. Let j = t - 21. Is j a composite number?
True
Is (2/16)/((-3)/(-6))*(-117495228)/(-51) a prime number?
True
Suppose -2*o = o + 15. Let